 7, what is -5 - 3255443546?
-3255443554
In base 13, what is 15a2 + -18b06?
-17534
In base 16, what is 45ebe + 9?
45ec7
In base 11, what is -65106 - 249?
-65354
In base 4, what is 20130231 - -2230?
20133121
In base 8, what is -3250 - 11711?
-15161
In base 16, what is 35af813 - -3?
35af816
In base 9, what is -1736 - -172866?
171130
In base 4, what is -3 - 1102023210110?
-1102023210113
In base 10, what is -63935 - -222?
-63713
In base 13, what is -1005231 - 5?
-1005236
In base 3, what is 1120020012111 + -11212?
1120020000122
In base 5, what is -12304311320 - -10?
-12304311310
In base 13, what is 22bb5a - -2a?
22bb87
In base 15, what is 2c3 - -2155a1?
215874
In base 15, what is -123 - -11a2?
107e
In base 8, what is -42 + -316020?
-316062
In base 10, what is 27 + 58248?
58275
In base 12, what is -2504 - -354?
-2170
In base 6, what is 13204 - 14005?
-401
In base 14, what is -14 - -1628666?
1628652
In base 2, what is -1001010 + -101011010100010?
-101011011101100
In base 7, what is -620 - 12410023?
-12410643
In base 9, what is -106461 - 212?
-106673
In base 9, what is -43 - 38066215?
-38066258
In base 5, what is 2 + 12023301133?
12023301140
In base 7, what is 1036121 + -2131?
1033660
In base 5, what is 421 - -144112?
200033
In base 4, what is -101010221211 - -33?
-101010221112
In base 14, what is -18d3 - -2379a?
21ca7
In base 5, what is 23120 + -11131?
11434
In base 10, what is 4 - 88719972?
-88719968
In base 10, what is -846323 + -22?
-846345
In base 2, what is -1111110000111000100 + 100?
-1111110000111000000
In base 6, what is 254 + -131140020?
-131135322
In base 14, what is -1185da - 59?
-118655
In base 6, what is 133144314 - -101?
133144415
In base 2, what is -1101001010001011110000 + -10?
-1101001010001011110010
In base 15, what is -25b07 - d26?
-2692d
In base 16, what is -3d - -1a499c?
1a495f
In base 10, what is -1263 - -302?
-961
In base 9, what is 16488244 + 23?
16488267
In base 16, what is -46bf - -322?
-439d
In base 12, what is 2407a - -174?
24232
In base 6, what is -42 + 432125414?
432125332
In base 9, what is -356734186 + 1?
-356734185
In base 8, what is -545 + 627113?
626346
In base 6, what is 5 + 510401510?
510401515
In base 14, what is 49 + 165909?
165954
In base 5, what is 301341400201 + 4?
301341400210
In base 5, what is 120 + 32100011?
32100131
In base 5, what is 43 - 342223224?
-342223131
In base 16, what is 11e + 43588?
436a6
In base 15, what is -43 - -17a70e?
17a6bb
In base 9, what is -230 - -163568?
163338
In base 6, what is -422 + -122532225?
-122533051
In base 11, what is 172 - -29585?
29747
In base 9, what is -2514 - -1246?
-1257
In base 14, what is -4 - -1d1c987?
1d1c983
In base 5, what is -3 - 11132320042?
-11132320100
In base 13, what is -2015aa1 + 3?
-2015a9b
In base 8, what is -2002222771 - 2?
-2002222773
In base 8, what is 222210 + -1263?
220725
In base 8, what is -26 - 46621000?
-46621026
In base 13, what is 3c94b31 + 5?
3c94b36
In base 8, what is -1 - -1474332227?
1474332226
In base 2, what is -101000 + -101001110001110000110?
-101001110001110101110
In base 4, what is 221333 + -23323230?
-23101231
In base 15, what is 2da - 37c?
-92
In base 9, what is -2161 - 6146?
-8317
In base 11, what is 4 + 1075a85?
1075a89
In base 2, what is 0 + 1000011100110001010101?
1000011100110001010101
In base 10, what is 298 - -28886?
29184
In base 8, what is 414 - 1231?
-615
In base 15, what is 3b + be2ac?
be2e8
In base 10, what is -5 + 14244021?
14244016
In base 3, what is -211020112012 - 102?
-211020112121
In base 10, what is 47 + 40228?
40275
In base 5, what is -4 + -40014301343?
-40014301402
In base 2, what is 10001001000110101110011110 - -100?
10001001000110101110100010
In base 16, what is 1b2008 - -1?
1b2009
In base 16, what is -28 - 17ce9d8?
-17cea00
In base 14, what is -16c466a + 15?
-16c4655
In base 16, what is 5 - -1683e1?
1683e6
In base 13, what is -1ac1205 - -3?
-1ac1202
In base 9, what is 4287764 + 10?
4287774
In base 15, what is 2 + 26d633e?
26d6341
In base 2, what is 100110011 - 11000101010101011?
-11000100101111000
In base 13, what is -14872947 - -1?
-14872946
In base 5, what is -313 - 133301420?
-133302233
In base 12, what is -37a - -11b89?
1180b
In base 5, what is -10103 - 100243104?
-100303212
In base 11, what is 213445 + -129?
213317
In base 7, what is 4 + -5601330163?
-5601330156
In base 5, what is -12134201 - 12203?
-12201404
In base 10, what is -5017 + -129304?
-134321
In base 7, what is -11046350 + 5?
-11046342
In base 8, what is -4670553 + 0?
-4670553
In base 7, what is -5 + 24006526?
24006521
In base 12, what is 6 - -323401b?
3234025
In base 6, what is -4 - -1311241324?
1311241320
In base 10, what is 111709 + 16408?
128117
In base 13, what is 342 - -6941c?
69761
In base 9, what is 3700 + 7430?
12230
In base 5, what is 10344422020 - 234?
10344421231
In base 15, what is -49 - d428b?
-d42d5
In base 14, what is -21131 - -12b?
-21004
In base 14, what is -274069 + 5?
-274064
In base 5, what is 2001413204 + 12?
2001413221
In base 4, what is -312011110301 + -2?
-312011110303
In base 3, what is 1101002 + -212011?
111221
In base 6, what is 1122302234 - 130?
1122302104
In base 4, what is -1 - -3210122123001?
3210122123000
In base 16, what is 24 - 4da87?
-4da63
In base 16, what is 6c40 + 72a?
736a
In base 15, what is 5c53 + -993?
52b0
In base 10, what is -140595 - -49?
-140546
In base 14, what is 1 - -1b0636b?
1b0636c
In base 16, what is 4 - 4247d3?
-4247cf
In base 9, what is -7457161 - -3?
-7457157
In base 6, what is -13040411111 - 21?
-13040411132
In base 9, what is -7 + 2025017?
2025010
In base 8, what is 1632575 - -21?
1632616
In base 2, what is 110111101000111100 + -10011110101?
110111010101000111
In base 15, what is 19 + -676b36?
-676b1c
In base 15, what is 499bc - 20e?
497ad
In base 10, what is 497634 - -220?
497854
In base 6, what is 4042321 + -1?
4042320
In base 16, what is 1f75304 - -8?
1f7530c
In base 8, what is -25 - -7726?
7701
In base 7, what is 30 - -3000033?
3000063
In base 12, what is 7765 + -287b?
4aa6
In base 11, what is 11a + -4a8a9?
-4a78a
In base 8, what is 4 - 17655763?
-17655757
In base 10, what is 0 + -5806693?
-5806693
In base 16, what is abfd50 - -2?
abfd52
In base 10, what is 1504415 + -51?
1504364
In base 9, what is 564 + -26004?
-25330
In base 8, what is -3 + -10712147?
-10712152
In base 10, what is -905081716 - 3?
-905081719
In base 3, what is -12122000 + 1212011?
-10202212
In base 13, what is 5 + -237431c?
-2374317
In base 12, what is -2368 + 2086a?
1a502
In base 12, what is -3b8 - 4197b?
-42177
In base 3, what is 10 + 1112001022112201?
1112001022112211
In base 2, what is -10100110010000111011001 + -101?
-10100110010000111011110
In base 12, what is -1318122 + 8?
-1318116
In base 9, what is 7 - -18175047?
18175055
In base 5, what is -222042 + -11110?
-233202
In base 15, what is -6 - 1b5682?
-1b5688
In base 10, what is 1 + 18689656?
18689657
In base 16, what is -6 + -1a8b20e?
-1a8b214
In base 14, what is -32d + a4b0?
a181
In base 12, what is 1b + 175908?
175927
In base 13, what is 1 + -14cc8a6?
-14cc8a5
In base 14, what is -1b8d1d5 - 4?
-1b8d1d9
In base 3, what is -122000120221 + 10211?
-122000110010
In base 14, what is 129b4b + -81?
129aaa
In base 7, what is -6126632 - -35?
-6126564
In base 6, what is -3020 + 15353122?
15350102
In base 15, what is 28e1ee + -3?
28e1eb
In base 8, what is 3 + 63755306?
63755311
In base 12, what is 88b6 + -919?
7b99
In base 9, what is 14 - -34030510?
34030524
In base 13, what is 35 - 63555?
-63520
In base 7, what is -30344000235 + 0?
-30344000235
In base 14, what is -9b729d1c - 5?
-9b729d23
In base 10, what is 10588173 - 2?
10588171
In base 2, what is 1010010101001101110 - -10000?
1010010101001111110
In base 13, what is 1 - -83c29a7?
83c29a8
In base 15, what is 146c3 + 10?
146d3
In base 10, what is -49 + 438654?
438605
In base 13, what is -24 - 26ca26?
-26ca4a
In base 5, what is -203214232 + -311?
-203220043
In base 16, what is -2e + -13c1c?
-13c4a
In base 5, what is 2320240 - 1020?
2314220
In base 6, what is 1 - -10421252433?
10421252434
In base 14, what is -8b39d + 19c?
-8b201
In base 11, what is -85860417 + -5?
-85860421
In base 11, what is 272554 - -65?
272609
In base 8, what is 10313 - 21172?
-10657
In base 4, what is -12022 - 1030303113?
-1030321201
In ba